{"id":17,"date":"2017-05-26T12:45:11","date_gmt":"2017-05-26T10:45:11","guid":{"rendered":"https:\/\/dahlemer-kammerorchester.de\/?page_id=17"},"modified":"2025-10-16T11:31:34","modified_gmt":"2025-10-16T09:31:34","slug":"das-orchester","status":"publish","type":"page","link":"https:\/\/dahlemer-kammerorchester.de\/","title":{"rendered":"Hier spielt die Musik"},"content":{"rendered":"<p><span style=\"color: #000000;\">Wir proben momentan mit vollen Segeln auf unsere n\u00e4chste Auftritte hin<b>:<\/b><\/span><\/p>\r\n<p><a href=\"http:\/\/dahlemer-kammerorchester.de\/wp-content\/uploads\/2025\/10\/Adventsmusizieren-DKO-2025-A4-kleiner.1.jpeg\"><img loading=\"lazy\" decoding=\"async\" src=\"http:\/\/dahlemer-kammerorchester.de\/wp-content\/uploads\/2025\/10\/Adventsmusizieren-DKO-2025-A4-kleiner.1-212x300.jpeg\" alt=\"\" width=\"212\" height=\"300\" class=\"alignleft wp-image-1697 size-medium\" srcset=\"https:\/\/dahlemer-kammerorchester.de\/wp-content\/uploads\/2025\/10\/Adventsmusizieren-DKO-2025-A4-kleiner.1-212x300.jpeg 212w, https:\/\/dahlemer-kammerorchester.de\/wp-content\/uploads\/2025\/10\/Adventsmusizieren-DKO-2025-A4-kleiner.1-723x1024.jpeg 723w, https:\/\/dahlemer-kammerorchester.de\/wp-content\/uploads\/2025\/10\/Adventsmusizieren-DKO-2025-A4-kleiner.1-768x1087.jpeg 768w, https:\/\/dahlemer-kammerorchester.de\/wp-content\/uploads\/2025\/10\/Adventsmusizieren-DKO-2025-A4-kleiner.1-1085x1536.jpeg 1085w, https:\/\/dahlemer-kammerorchester.de\/wp-content\/uploads\/2025\/10\/Adventsmusizieren-DKO-2025-A4-kleiner.1.jpeg 1201w\" sizes=\"auto, (max-width: 212px) 100vw, 212px\" \/><\/a><span style=\"color: #000000;\"><strong>unsere Adventskonzerte zum Lauschen und Mitsingen &#8211;<\/strong><\/span><\/p>\r\n<p><span style=\"color: #000000;\"><strong>Sonntag, 7. Dezember 2025, 14-16 Uhr<\/strong><\/span><br \/><span style=\"color: #000000;\">Kaiser-Wilhelm-Ged\u00e4chtniskirche, Breitscheidplatz, 10789 Berlin<\/span><\/p>\r\n<p><span style=\"color: #000000;\"><strong>Samstag, 13. Dezember 2025, <\/strong><strong>10-13 Uhr<\/strong><\/span><br \/><span style=\"color: #000000;\">Gemeindesaal der Emmaus&#8211;Kirche, Onkel-Tom-Str. 80, 14169 Berlin<\/span><\/p>\r\n<p><span style=\"color: #000000;\"><strong>Samstag, 20. Dezember 2025, 10-13 Uhr<\/strong><\/span><br \/><span style=\"color: #000000;\">Gemeindesaal der St. Annen-Kirche Dahlem, Thielallee 1+3, 14195 Berlin<\/span><\/p>\r\n<p><span style=\"color: #000000;\">Der Eintritt ist frei &#8211; wir bitten um Spenden!<\/span><br \/><span style=\"color: #000000;\">Wir freuen uns auf euren Besuch!<span class=\"gh-emoji\">\u2764\ufe0f<\/span><\/span><\/p>\r\n<p><span style=\"color: #000000;\">Anmeldung und Noten zum Mitsingen<\/span><strong><span style=\"color: #000000;\"><a href=\"https:\/\/dahlemer-kammerorchester.de\/?page_id=1410\">\u00a0\u00fcber \ud83d\udc49 dieses Formular.<\/a><\/span><\/strong><\/p>\r\n<p>&nbsp;<\/p>\r\n<p><span style=\"color: #000000;\">Willst du wissen, wie es im Dahlemer Kammerorchester so zugeht?\u00a0<strong><br \/>Dann <a href=\"https:\/\/www.morgenpost.de\/kultur\/article242617618\/Dahlemer-Kammerorchester-Musizieren-ohne-Leistungsdruck.html\" target=\"_blank\" rel=\"noopener\">schau mal diesen Artikel in der Berliner Morgenpost an<\/a>, <\/strong><\/span><span style=\"color: #000000;\"><strong>oder lies dieses Interview mit unserem Orchesterleiter Philip: <a href=\"https:\/\/dahlemer-kammerorchester.de\/wp-content\/uploads\/2022\/12\/Tagesspiegel-Newsletter-15.12.2022.pdf\" style=\"color: #000000;\" target=\"_blank\" rel=\"noopener\">\u2192Tagesspiegel Newsletter 15.12.2022<\/a><\/strong><\/span><\/p>\r\n<p><span style=\"color: #000000;\">Willst Du auch mal mitspielen in einem solchen tollen Symphonieorchester?<\/span><\/p>\r\n<p><span style=\"color: #000000;\">Bei unseren Mitmachproben kannst du zum Beispiel <\/span><\/p>\r\n<ul>\r\n<li><span style=\"color: #000000;\">zusammen mit drei Generationen von Musikliebhabern erste Orchestererfahrungen sammeln,<\/span><\/li>\r\n<li><span style=\"color: #000000;\">oder nach langer Babypause endlich mal wieder deine alte Geige\/dein Fagott &#8230; auspacken,<\/span><\/li>\r\n<li><span style=\"color: #000000;\">wertvolle \u00dcberlebenstipps zum erfolgreichen Mitspielen in einem Symphonieorchester bekommen,<\/span><\/li>\r\n<li><span style=\"color: #000000;\">erleben, dass keiner gleich meckert, wenn mal was nicht klappt!<\/span><\/li>\r\n<\/ul>\r\n<p style=\"text-align: left;\"><span style=\"color: #000000;\">Wenn du so etwas suchst, dann bist du richtig bei den Mitmachproben des Dahlemer Kammerorchesters!<\/span><\/p>\r\n<p style=\"text-align: left;\"><span style=\"color: #000000;\"><em>Oje<strong>, <\/strong>vielleicht bin ich daf\u00fcr nicht &#8222;gut genug&#8220;<\/em> ?\u00a0<a href=\"https:\/\/dahlemer-kammerorchester.de\/?page_id=556\" data-type=\"page\" data-id=\"556\" style=\"color: #000000;\">Dann lies das hier<\/a>!<\/span><\/p>\r\n<p style=\"text-align: left;\"><span style=\"color: #000000;\">Bitte melde dich vorher an: entweder bei Philip direkt, Tel. oder WhatsApp 0157 87817717, oder\u00a0<a href=\"https:\/\/dahlemer-kammerorchester.de\/?page_id=1157\">\u00fcber dieses Formula<\/a><a href=\"https:\/\/dahlemer-kammerorchester.de\/?page_id=1157\">r<\/a>.<\/span><\/p>\r\n<p style=\"text-align: left;\"><span style=\"color: #000000;\"><strong>Was brauchst du, um am Mitmachprogramm des Dahlemer Kammerorchester teilnehmen zu k\u00f6nnen?<\/strong><\/span><span style=\"color: #000000;\"><\/span><\/p>\r\n\r\n<ul class=\"wp-block-list\">\r\n<li><span style=\"color: #000000;\">ein Orchesterinstrument, auf das du neugierig bist<\/span><\/li>\r\n<li><span style=\"color: #000000;\">Neugier auf <a href=\"https:\/\/dahlemer-kammerorchester.de\/?page_id=673\" style=\"color: #000000;\">ein Repertoire, das nirgendwo sonst auf dem Planeten gespielt wird<\/a><\/span><\/li>\r\n<li><span style=\"color: #000000;\">Bock auf ein musikbegeistertes Dreigenerationen-Ensemble<\/span><\/li>\r\n<li><span style=\"color: #000000;\">einen Notenst\u00e4nder und\u00a0<a href=\"https:\/\/notenarchiv.erlebnis-kammermusik.de\/download\/orchesternoten\" style=\"color: #000000;\">deine eigenen Noten!<\/a>\u00a0*<\/span><\/li>\r\n<\/ul>\r\n<p><span style=\"color: #000000;\"> <\/span><\/p>\r\n<p>(* das Passwort f\u00fcr unser prallgef\u00fclltes Notenarchiv bekommst du, wenn du dich anmeldest! :-))\u00a0<\/p>\r\n<p><span style=\"color: #000000;\"><strong>Wer sind wir \u00fcberhaupt?<\/strong><\/span><\/p>\r\n<p><span style=\"color: #000000;\">Das Dahlemer Kammerorchester\u00a0gibt&#8217;s seit 15 Jahren. <img loading=\"lazy\" decoding=\"async\" class=\"size-medium wp-image-999 alignleft\" src=\"https:\/\/unterricht.erlebnis-kammermusik.de\/wp-content\/uploads\/2021\/12\/Dahlemer-300x169.jpg\" alt=\"\" width=\"300\" height=\"169\" \/>Drei Generationen musikbegeisterter Anf\u00e4nger und Fortgeschrittener gehen dort jede Woche auf Entdeckungsreise. Ein vom <a href=\"https:\/\/dahlemer-kammerorchester.de\/?page_id=700\" style=\"color: #000000;\">Trainer Philip<\/a> massgeschneidertes Repertoire f\u00fchrt die Kapelle dabei durch musikalische Genres und Stilepochen, in die noch nie ein Dreigenerationenorchester vorgedrungen ist. Da fast alle St\u00fccke f\u00fcr das Dahlemer Kammerorchester selbst arrangiert und\u00a0komponiert sind, gibt es diese Musik nirgendwo sonst auf dem Planeten zu h\u00f6ren! <a href=\"https:\/\/dahlemer-kammerorchester.de\/?page_id=673\" style=\"color: #000000;\">Hier kannst du mal reinlauschen.<\/a>\u00a0<\/span><\/p>\r\n<div id=\"attachment_1066\" style=\"width: 160px\" class=\"wp-caption alignright\"><img loading=\"lazy\" decoding=\"async\" aria-describedby=\"caption-attachment-1066\" class=\"wp-image-1066 size-thumbnail\" src=\"https:\/\/unterricht.erlebnis-kammermusik.de\/wp-content\/uploads\/2021\/12\/mitmach-150x150.jpeg\" alt=\"\" width=\"150\" height=\"150\" \/><p id=\"caption-attachment-1066\" class=\"wp-caption-text\"><span style=\"color: #000000;\">mach mit!<\/span><\/p><\/div>\r\n<p><span style=\"color: #000000;\">Herzst\u00fcck der Proben ist nat\u00fcrlich die Kaffeepause mit Leckerli und Kuchen, und der Gelegenheit, die Mitspieler auch mal ohne Trompete im Mund oder Geige an der Backe kennen zu lernen.<\/span><\/p>\r\n<div id=\"attachment_1010\" style=\"width: 233px\" class=\"wp-caption alignleft\"><img loading=\"lazy\" decoding=\"async\" aria-describedby=\"caption-attachment-1010\" class=\"wp-image-1010\" src=\"https:\/\/unterricht.erlebnis-kammermusik.de\/wp-content\/uploads\/2021\/12\/RXDD3813-300x225.jpg\" alt=\"\" width=\"223\" height=\"167\" \/><p id=\"caption-attachment-1010\" class=\"wp-caption-text\"><span style=\"color: #000000;\">&#8230; Feuerproben gibt es auch<\/span><\/p><\/div>\r\n<p><span style=\"color: #000000;\">Wer&#8217;s noch weiter treiben will, kann <a href=\"https:\/\/dahlemer-kammerorchester.de\/wp-content\/uploads\/2021\/12\/Kammermusikreise-2022-2.pdf\" style=\"color: #000000;\">mit auf unsere traditionelle Orchesterreise an Himmelfahrt kommen!<\/a> Hier gibt es zus\u00e4tzlich zum Musizieren auch noch die M\u00f6glichkeit zusammen im Meer zu baden, zu Grillen und am Lagerfeuer zu sitzen &#8230; Neugierig geworden? <strong>Da hilft nur eins: hinkommen und mitspielen!<\/strong> <em>Oje, vielleicht bin ich daf\u00fcr nicht &#8222;gut genug&#8220; <\/em>? <a href=\"https:\/\/dahlemer-kammerorchester.de\/?page_id=556\" style=\"color: #000000;\">Dann lies das hier<\/a>! Bitte melde dich vorher an: am besten direkt bei Philip, Tel. oder WhatsApp 0157 87817717 oder <a href=\"mailto:Philip@douvier.de\" style=\"color: #000000;\">Philip@douvier.de<\/a>\u00a0&#8211; oder <a href=\"https:\/\/dahlemer-kammerorchester.de\/?page_id=1157\">\u00fcber dieses Formular.<\/a><\/span><span style=\"color: #000000;\"><a href=\"https:\/\/dahlemer-kammerorchester.de\/?page_id=972\" style=\"color: #000000;\"><strong><\/strong><\/a><\/span><\/p>\r\n<p><span style=\"color: #000000;\"><strong>Drei Generationen musizieren zusammen?<\/strong><\/span><\/p>\r\n<p><span style=\"color: #000000;\">Jup! Das geht sehr gut. Manche Menschen spielen seit zwei Monaten ihr Instrument, andere seit 40 oder 50 Jahren. Und in jedem Alter gibt es etwas Neues zu lernen!<\/span><\/p>\r\n<p><span style=\"color: #000000;\"><strong>Was sie verbindet?<\/strong><\/span><\/p>\r\n<p><span style=\"color: #000000;\">Ihre Begeisterung und Intensit\u00e4t des Spielens: Kinder k\u00f6nnen im Spiel versinken, Erwachsene sehnen sich nach spielerischen Momenten, um sich von Arbeit und Leistungsdruck zu erholen, \u00e4ltere Menschen freuen sich, endlich Zeit und Ruhe zu haben, um sich der Musik und ihrem Instrument zu widmen.<\/span><\/p>\r\n<p><span style=\"color: #000000;\">In seinem spielerischen Feuereifer bildet das Dahlemer Kammerorchester eine\u00a0sehr homogene und kraftvolle Einheit.<\/span><\/p>\r\n<p><span style=\"color: #000000;\">Seit 2015 ist das Orchester als\u00a0eingetragener Verein organisiert. Informationen \u00fcber die Arbeit des Vereins und M\u00f6glichkeiten, dieses besondere Orchester in seiner Fortbestehen zu unterst\u00fctzen,\u00a0<a href=\"mailto: philip@douvier.de\" style=\"color: #000000;\">erh\u00e4ltst du hier.<\/a><\/span><\/p>","protected":false},"excerpt":{"rendered":"<p>Wir proben momentan mit vollen Segeln auf unsere n\u00e4chste Auftritte hin: unsere Adventskonzerte zum Lauschen und Mitsingen &#8211; Sonntag, 7. Dezember 2025, 14-16 UhrKaiser-Wilhelm-Ged\u00e4chtniskirche, Breitscheidplatz, 10789 Berlin Samstag, 13. Dezember 2025, 10-13 UhrGemeindesaal der Emmaus&#8211;Kirche, Onkel-Tom-Str. 80, 14169 Berlin Samstag, 20. Dezember 2025, 10-13 UhrGemeindesaal der St. Annen-Kirche Dahlem, Thielallee [&hellip;]<\/p>\n","protected":false},"author":1,"featured_media":0,"parent":864,"menu_order":0,"comment_status":"closed","ping_status":"closed","template":"","meta":{"footnotes":""},"class_list":["post-17","page","type-page","status-publish","hentry"],"_links":{"self":[{"href":"https:\/\/dahlemer-kammerorchester.de\/index.php?rest_route=\/wp\/v2\/pages\/17","targetHints":{"allow":["GET"]}}],"collection":[{"href":"https:\/\/dahlemer-kammerorchester.de\/index.php?rest_route=\/wp\/v2\/pages"}],"about":[{"href":"https:\/\/dahlemer-kammerorchester.de\/index.php?rest_route=\/wp\/v2\/types\/page"}],"author":[{"embeddable":true,"href":"https:\/\/dahlemer-kammerorchester.de\/index.php?rest_route=\/wp\/v2\/users\/1"}],"replies":[{"embeddable":true,"href":"https:\/\/dahlemer-kammerorchester.de\/index.php?rest_route=%2Fwp%2Fv2%2Fcomments&post=17"}],"version-history":[{"count":94,"href":"https:\/\/dahlemer-kammerorchester.de\/index.php?rest_route=\/wp\/v2\/pages\/17\/revisions"}],"predecessor-version":[{"id":1699,"href":"https:\/\/dahlemer-kammerorchester.de\/index.php?rest_route=\/wp\/v2\/pages\/17\/revisions\/1699"}],"up":[{"embeddable":true,"href":"https:\/\/dahlemer-kammerorchester.de\/index.php?rest_route=\/wp\/v2\/pages\/864"}],"wp:attachment":[{"href":"https:\/\/dahlemer-kammerorchester.de\/index.php?rest_route=%2Fwp%2Fv2%2Fmedia&parent=17"}],"curies":[{"name":"wp","href":"https:\/\/api.w.org\/{rel}","templated":true}]}}