{"id":520,"date":"2021-12-06T12:49:16","date_gmt":"2021-12-06T11:49:16","guid":{"rendered":"https:\/\/dahlemer-kammerorchester.de\/?page_id=520"},"modified":"2022-06-01T13:01:27","modified_gmt":"2022-06-01T11:01:27","slug":"das-powerprogramm-des-dahlemer-kammerorchesters","status":"publish","type":"page","link":"https:\/\/dahlemer-kammerorchester.de\/?page_id=520","title":{"rendered":"Das Powerprogramm des Dahlemer Kammerorchesters"},"content":{"rendered":"\n<p>Einmal im Monat probt das&nbsp;Dahlemer Kammerorchester&nbsp;mit Volldampf auf ein sch\u00f6nes Sommerkonzert im Juli 2022 hin!<\/p>\n\n\n<div class=\"wp-block-image\">\n<figure class=\"alignleft\"><img decoding=\"async\" src=\"https:\/\/unterricht.erlebnis-kammermusik.de\/wp-content\/uploads\/2021\/12\/\" alt=\"\" class=\"wp-image-925\"\/><\/figure><\/div>\n\n\n<p><img loading=\"lazy\" decoding=\"async\" src=\"https:\/\/dahlemer-kammerorchester.de\/wp-content\/uploads\/2021\/12\/power-1-300x300.jpeg\" alt=\"\" width=\"181\" height=\"181\" class=\" wp-image-952 alignleft\" srcset=\"https:\/\/dahlemer-kammerorchester.de\/wp-content\/uploads\/2021\/12\/power-1-300x300.jpeg 300w, https:\/\/dahlemer-kammerorchester.de\/wp-content\/uploads\/2021\/12\/power-1-150x150.jpeg 150w, https:\/\/dahlemer-kammerorchester.de\/wp-content\/uploads\/2021\/12\/power-1.jpeg 320w\" sizes=\"auto, (max-width: 181px) 100vw, 181px\" \/>Wir werden Symphonische Variationen \u00fcber bekannte Lieder spielen, von <a href=\"https:\/\/dahlemer-kammerorchester.de\/?page_id=700\" data-type=\"page\" data-id=\"700\">Philip<\/a> komponiert und arrangiert mit Liebe zur verspielten Musikbastelei und zum gro\u00dfen Orchester-Kaboom.<\/p>\n\n\n\n<p>Damit wir auf der musikalischen Entdeckungsreise ordentlich Strecke machen, gibt es&nbsp;<a href=\"https:\/\/notenarchiv.erlebnis-kammermusik.de\/download\/die-powerstuecke-des-dahlemer-kammerorchesters\">hier die Noten<\/a>&nbsp;zum Vorbereiten der Proben sowie soundfiles zum Anh\u00f6ren.<\/p>\n\n\n\n<p>Bitte melde dich vorher an: entweder bei Philip direkt, Tel. oder WhatsApp 0157 87817717, oder&nbsp;<a href=\"https:\/\/unterricht.erlebnis-kammermusik.de\/anmeldeformular-fuer-die-powerproben-des-dahlemer-kammerorchesters\" target=\"_blank\" rel=\"noopener\">\u00fcber dieses Formular<\/a>.<\/p>\n\n\n\n<p>Zu krass? Oje, vielleicht bin ich daf\u00fcr &#8222;nicht gut genug&#8220;?<\/p>\n\n\n\n<p><a href=\"https:\/\/dahlemer-kammerorchester.de\/?page_id=556\" data-type=\"page\" data-id=\"556\">Dann lies das hier<\/a>&nbsp;oder schau doch mal beim&nbsp;<a href=\"https:\/\/dahlemer-kammerorchester.de\/?page_id=562\" data-type=\"page\" data-id=\"562\">Mitmachprogramm des Dahlemer Kammerorchesters rein!<\/a><\/p>\n\n\n\n<p><strong>Was brauchst du, um beim Powerprogramm des Dahlemer Kammerorchester mitmachen zu k\u00f6nnen?<\/strong><\/p>\n\n\n\n<ul class=\"wp-block-list\"><li>Lust auf schnelle und intensive Probenarbeit<\/li><li>Neugier auf <a href=\"https:\/\/dahlemer-kammerorchester.de\/?page_id=673\">ein Repertoire, das nirgendwo sonst auf dem Planeten gespielt wird<\/a><\/li><li>Bock auf ein musikbegeistertes und gemeinsam lernendes Dreigenerationen-Ensemble<\/li><li>einen Notenst\u00e4nder, einen Bleistift und&nbsp;<a href=\"https:\/\/notenarchiv.erlebnis-kammermusik.de\/download\/die-powerstuecke-des-dahlemer-kammerorchesters\">deine eigenen Noten!<\/a>&nbsp;<\/li><\/ul>\n\n\n\n<p><\/p>\n\n\n\n<p><a href=\"https:\/\/dahlemer-kammerorchester.de\/?page_id=972\" data-type=\"page\" data-id=\"416\">Schau dir hier alle Termine 2022 des Dahlemer Kammerorchesters an!<\/a><\/p>\n","protected":false},"excerpt":{"rendered":"<p>Einmal im Monat probt das&nbsp;Dahlemer Kammerorchester&nbsp;mit Volldampf auf ein sch\u00f6nes Sommerkonzert im Juli 2022 hin! Wir werden Symphonische Variationen \u00fcber bekannte Lieder spielen, von Philip komponiert und arrangiert mit Liebe zur verspielten Musikbastelei und zum gro\u00dfen Orchester-Kaboom. Damit wir auf der musikalischen Entdeckungsreise ordentlich Strecke machen, gibt es&nbsp;hier die Noten&nbsp;zum [&hellip;]<\/p>\n","protected":false},"author":3,"featured_media":546,"parent":0,"menu_order":0,"comment_status":"closed","ping_status":"closed","template":"","meta":{"footnotes":""},"class_list":["post-520","page","type-page","status-publish","has-post-thumbnail","hentry"],"_links":{"self":[{"href":"https:\/\/dahlemer-kammerorchester.de\/index.php?rest_route=\/wp\/v2\/pages\/520","targetHints":{"allow":["GET"]}}],"collection":[{"href":"https:\/\/dahlemer-kammerorchester.de\/index.php?rest_route=\/wp\/v2\/pages"}],"about":[{"href":"https:\/\/dahlemer-kammerorchester.de\/index.php?rest_route=\/wp\/v2\/types\/page"}],"author":[{"embeddable":true,"href":"https:\/\/dahlemer-kammerorchester.de\/index.php?rest_route=\/wp\/v2\/users\/3"}],"replies":[{"embeddable":true,"href":"https:\/\/dahlemer-kammerorchester.de\/index.php?rest_route=%2Fwp%2Fv2%2Fcomments&post=520"}],"version-history":[{"count":22,"href":"https:\/\/dahlemer-kammerorchester.de\/index.php?rest_route=\/wp\/v2\/pages\/520\/revisions"}],"predecessor-version":[{"id":1012,"href":"https:\/\/dahlemer-kammerorchester.de\/index.php?rest_route=\/wp\/v2\/pages\/520\/revisions\/1012"}],"wp:featuredmedia":[{"embeddable":true,"href":"https:\/\/dahlemer-kammerorchester.de\/index.php?rest_route=\/wp\/v2\/media\/546"}],"wp:attachment":[{"href":"https:\/\/dahlemer-kammerorchester.de\/index.php?rest_route=%2Fwp%2Fv2%2Fmedia&parent=520"}],"curies":[{"name":"wp","href":"https:\/\/api.w.org\/{rel}","templated":true}]}}