{"id":972,"date":"2021-12-17T11:53:50","date_gmt":"2021-12-17T10:53:50","guid":{"rendered":"https:\/\/dahlemer-kammerorchester.de\/?page_id=972"},"modified":"2026-04-25T16:20:36","modified_gmt":"2026-04-25T14:20:36","slug":"der-probenkalender-des-dahlemer-kammerorchesters","status":"publish","type":"page","link":"https:\/\/dahlemer-kammerorchester.de\/?page_id=972","title":{"rendered":"Der Probenkalender des Dahlemer Kammerorchesters"},"content":{"rendered":"<p><span>F\u00fcr einen p\u00fcnktlichen, spielfertigen <strong>Probenbeginn um 10:00<\/strong> bitten wir alle Beteiligten um <\/span><span style=\"color: #ff0000;\"><strong>Ankommen am Probenort<\/strong> <strong>bis sp\u00e4testens 09:45<\/strong><\/span><span>, damit noch genug Zeit f\u00fcr Aufbau und individuelles Stimmen bleibt.<\/span><\/p>\n<p><span style=\"color: #000000;\"><span style=\"caret-color: #000000;\">Die kommenden Proben finden statt am:<\/span><\/span><\/p>\n<p><span style=\"color: #000000;\"><span>Samstag, 2. Mai 2026 &#8211; wahrscheinlich Registerproben Streicher\/Bl\u00e4ser<\/span><br \/>\n<span>Zeit: 10-13 Uhr, Ort: Harnack-Haus<\/span><br \/>\n<span>Ihnestra\u00dfe 16-20, 14195 Berlin<\/span><\/span><br \/>\n<span style=\"color: #000000;\"> <\/span><br \/>\n<span style=\"color: #000000;\">Samstag, 9. Mai 2026 &#8211; Tutti<br \/>\nZeit: 10-13 Uhr, Ort: Harnack-Haus<br \/>\nIhnestra\u00dfe 16-20, 14195 Berlin<br \/>\n<\/span><br \/>\n<span style=\"color: #000000;\">Donnerstag, 14. &#8211; Sonntag 17. Mai 2026 &#8211; Himmelfahrtsreise<br \/>\nOrt: Majuwi Wieck<br \/>\nYachtweg 3 \u00b7 17493 Greifswald\/Wieck<\/span><\/p>\n<p><span style=\"color: #000000;\">Samstag, 23. Mai 2026<span> &#8211; Registerproben Streicher\/Bl\u00e4ser<\/span><br \/>\nZeit: 10-13 Uhr, Ort: Harnack-Haus<\/span><br \/>\n<span style=\"color: #000000;\">Ihnestra\u00dfe 16-20, 14195 Berlin<\/span><\/p>\n<p><span style=\"color: #000000;\">Samstag, 30. Mai 2026 &#8211; Tutti<br \/>\nZeit: 10-<strong>14<\/strong> Uhr, Ort: n.n.<br \/>\n<\/span><br \/>\n<span style=\"color: #000000;\"><strong>Sonntag<\/strong>, 7. Juni 2026 &#8211; Tutti<br \/>\nZeit: 10-13 Uhr, Ort: Harnack-Haus<br \/>\nIhnestra\u00dfe 16-20, 14195 Berlin<\/span><\/p>\n<p><span style=\"color: #000000;\">Samstag, 13. Juni 2026 &#8211; <strong>Probenwochenende<\/strong><br \/>\nZeit: 10-<strong>18<\/strong> Uhr, Ort: Harnack-Haus<br \/>\nIhnestra\u00dfe 16-20, 14195 Berlin<\/span><\/p>\n<p><span style=\"color: #000000;\">Sonntag, 14. Juni 2026 &#8211; <strong>Probenwochenende<\/strong><br \/>\nZeit: <strong>11-14<\/strong> Uhr, Ort: n.n.<\/span><\/p>\n<p><span style=\"color: #000000;\">Samstag, 20. Juni 2026 &#8211; Tutti<br \/>\nZeit: 10-13 Uhr, Ort: n.n.<br \/>\n<\/span> <span style=\"color: #000000;\"> <\/span><br \/>\n<span style=\"color: #000000;\">Sonntag, 21. Juni 2026 &#8211; Konzert<br \/>\nZeit: 15 Uhr, Ort: Jesus-Christus-Kirche<br \/>\nHittorfstra\u00dfe 23, 14195 Berlin<br \/>\n<\/span> <span style=\"color: #000000;\"> <\/span><br \/>\n<span style=\"color: #000000;\">Samstag, 27. Juni 2026 &#8211; evt. Lunchkonzert<br \/>\nZeit: 11-15 Uhr, Ort: Ged\u00e4chtniskirche<br \/>\nKonzertbeginn: 13:00<br \/>\n<\/span> <span style=\"color: #000000;\"> <\/span><br \/>\n<span style=\"color: #000000;\">Samstag, 4. Juli 2026 &#8211; Tutti<br \/>\nZeit: 10-13 Uhr, Ort: n.n.<\/span><br \/>\n<span style=\"color: #000000;\">&#8230; und dann sind Sommerferien!\ud83d\ude00<\/span><\/p>\n<p>&nbsp;<\/p>\n","protected":false},"excerpt":{"rendered":"<p>F\u00fcr einen p\u00fcnktlichen, spielfertigen Probenbeginn um 10:00 bitten wir alle Beteiligten um Ankommen am Probenort bis sp\u00e4testens 09:45, damit noch genug Zeit f\u00fcr Aufbau und individuelles Stimmen bleibt. Die kommenden Proben finden statt am: Samstag, 2. Mai 2026 &#8211; wahrscheinlich Registerproben Streicher\/Bl\u00e4ser Zeit: 10-13 Uhr, Ort: Harnack-Haus Ihnestra\u00dfe 16-20, 14195 [&hellip;]<\/p>\n","protected":false},"author":3,"featured_media":546,"parent":0,"menu_order":0,"comment_status":"closed","ping_status":"closed","template":"","meta":{"footnotes":""},"class_list":["post-972","page","type-page","status-publish","has-post-thumbnail","hentry"],"_links":{"self":[{"href":"https:\/\/dahlemer-kammerorchester.de\/index.php?rest_route=\/wp\/v2\/pages\/972","targetHints":{"allow":["GET"]}}],"collection":[{"href":"https:\/\/dahlemer-kammerorchester.de\/index.php?rest_route=\/wp\/v2\/pages"}],"about":[{"href":"https:\/\/dahlemer-kammerorchester.de\/index.php?rest_route=\/wp\/v2\/types\/page"}],"author":[{"embeddable":true,"href":"https:\/\/dahlemer-kammerorchester.de\/index.php?rest_route=\/wp\/v2\/users\/3"}],"replies":[{"embeddable":true,"href":"https:\/\/dahlemer-kammerorchester.de\/index.php?rest_route=%2Fwp%2Fv2%2Fcomments&post=972"}],"version-history":[{"count":342,"href":"https:\/\/dahlemer-kammerorchester.de\/index.php?rest_route=\/wp\/v2\/pages\/972\/revisions"}],"predecessor-version":[{"id":1776,"href":"https:\/\/dahlemer-kammerorchester.de\/index.php?rest_route=\/wp\/v2\/pages\/972\/revisions\/1776"}],"wp:featuredmedia":[{"embeddable":true,"href":"https:\/\/dahlemer-kammerorchester.de\/index.php?rest_route=\/wp\/v2\/media\/546"}],"wp:attachment":[{"href":"https:\/\/dahlemer-kammerorchester.de\/index.php?rest_route=%2Fwp%2Fv2%2Fmedia&parent=972"}],"curies":[{"name":"wp","href":"https:\/\/api.w.org\/{rel}","templated":true}]}}

<p><span>Für einen pünktlichen, spielfertigen <strong>Probenbeginn um 10:00</strong> bitten wir alle Beteiligten um </span><span style="color: #ff0000;"><strong>Ankommen am Probenort</strong> <strong>bis spätestens 09:45</strong></span><span>, damit noch genug Zeit für Aufbau und individuelles Stimmen bleibt.</span></p>
<p><span style="color: #000000;"><span style="caret-color: #000000;">Die kommenden Proben finden statt am:</span></span></p>
<p><span style="color: #000000;"><span>Samstag, 2. Mai 2026 &#8211; wahrscheinlich Registerproben Streicher/Bläser</span><br />
<span>Zeit: 10-13 Uhr, Ort: Harnack-Haus</span><br />
<span>Ihnestraße 16-20, 14195 Berlin</span></span><br />
<span style="color: #000000;"> </span><br />
<span style="color: #000000;">Samstag, 9. Mai 2026 &#8211; Tutti<br />
Zeit: 10-13 Uhr, Ort: Harnack-Haus<br />
Ihnestraße 16-20, 14195 Berlin<br />
</span><br />
<span style="color: #000000;">Donnerstag, 14. &#8211; Sonntag 17. Mai 2026 &#8211; Himmelfahrtsreise<br />
Ort: Majuwi Wieck<br />
Yachtweg 3 · 17493 Greifswald/Wieck</span></p>
<p><span style="color: #000000;">Samstag, 23. Mai 2026<span> &#8211; Registerproben Streicher/Bläser</span><br />
Zeit: 10-13 Uhr, Ort: Harnack-Haus</span><br />
<span style="color: #000000;">Ihnestraße 16-20, 14195 Berlin</span></p>
<p><span style="color: #000000;">Samstag, 30. Mai 2026 &#8211; Tutti<br />
Zeit: 10-<strong>14</strong> Uhr, Ort: n.n.<br />
</span><br />
<span style="color: #000000;"><strong>Sonntag</strong>, 7. Juni 2026 &#8211; Tutti<br />
Zeit: 10-13 Uhr, Ort: Harnack-Haus<br />
Ihnestraße 16-20, 14195 Berlin</span></p>
<p><span style="color: #000000;">Samstag, 13. Juni 2026 &#8211; <strong>Probenwochenende</strong><br />
Zeit: 10-<strong>18</strong> Uhr, Ort: Harnack-Haus<br />
Ihnestraße 16-20, 14195 Berlin</span></p>
<p><span style="color: #000000;">Sonntag, 14. Juni 2026 &#8211; <strong>Probenwochenende</strong><br />
Zeit: <strong>11-14</strong> Uhr, Ort: n.n.</span></p>
<p><span style="color: #000000;">Samstag, 20. Juni 2026 &#8211; Tutti<br />
Zeit: 10-13 Uhr, Ort: n.n.<br />
</span> <span style="color: #000000;"> </span><br />
<span style="color: #000000;">Sonntag, 21. Juni 2026 &#8211; Konzert<br />
Zeit: 15 Uhr, Ort: Jesus-Christus-Kirche<br />
Hittorfstraße 23, 14195 Berlin<br />
</span> <span style="color: #000000;"> </span><br />
<span style="color: #000000;">Samstag, 27. Juni 2026 &#8211; evt. Lunchkonzert<br />
Zeit: 11-15 Uhr, Ort: Gedächtniskirche<br />
Konzertbeginn: 13:00<br />
</span> <span style="color: #000000;"> </span><br />
<span style="color: #000000;">Samstag, 4. Juli 2026 &#8211; Tutti<br />
Zeit: 10-13 Uhr, Ort: n.n.</span><br />
<span style="color: #000000;">&#8230; und dann sind Sommerferien!😀</span></p>
<p>&nbsp;</p>

<p>Für einen pünktlichen, spielfertigen Probenbeginn um 10:00 bitten wir alle Beteiligten um Ankommen am Probenort bis spätestens 09:45, damit noch genug Zeit für Aufbau und individuelles Stimmen bleibt. Die kommenden Proben finden statt am: Samstag, 2. Mai 2026 &#8211; wahrscheinlich Registerproben Streicher/Bläser Zeit: 10-13 Uhr, Ort: Harnack-Haus Ihnestraße 16-20, 14195 [&hellip;]</p>
